{"id":17,"date":"2021-07-16T09:58:53","date_gmt":"2021-07-16T07:58:53","guid":{"rendered":"https:\/\/www.lacuisinedebabette.net\/?page_id=17"},"modified":"2025-12-27T10:42:51","modified_gmt":"2025-12-27T09:42:51","slug":"ateliers-2021","status":"publish","type":"page","link":"https:\/\/www.lacuisinedebabette.net\/index.php\/ateliers-2021\/","title":{"rendered":"Stages 2026"},"content":{"rendered":"\n<p>Plusieurs p\u00e9riodes de stages sont pr\u00e9vues pour cette ann\u00e9e :<\/p>\n\n\n\n<p class=\"has-black-color has-text-color\"><span class=\"has-inline-color has-vivid-red-color\">Carnaval <\/span> pour les Chefs<\/p>\n\n\n\n<p><span class=\"has-inline-color has-vivid-red-color\">Printemps<\/span> pour les Chefs en Herbe<\/p>\n\n\n\n<p class=\"has-vivid-red-color has-text-color\">Et\u00e9 <span class=\"has-inline-color has-black-color\">pour les Chefs et les Chefs en Herbe<\/span><\/p>\n\n\n\n<p class=\"has-black-color has-text-color\"><span class=\"has-inline-color has-vivid-red-color\">Automne<\/span>  pour les Chefs<\/p>\n\n\n\n<p><\/p>\n\n\n\n<p><\/p>\n","protected":false},"excerpt":{"rendered":"<p>Plusieurs p\u00e9riodes de stages sont pr\u00e9vues pour cette ann\u00e9e : Carnaval pour les Chefs Printemps pour les Chefs en Herbe<\/p>\n","protected":false},"author":1,"featured_media":0,"parent":0,"menu_order":0,"comment_status":"closed","ping_status":"closed","template":"","meta":[],"_links":{"self":[{"href":"https:\/\/www.lacuisinedebabette.net\/index.php\/wp-json\/wp\/v2\/pages\/17"}],"collection":[{"href":"https:\/\/www.lacuisinedebabette.net\/index.php\/wp-json\/wp\/v2\/pages"}],"about":[{"href":"https:\/\/www.lacuisinedebabette.net\/index.php\/wp-json\/wp\/v2\/types\/page"}],"author":[{"embeddable":true,"href":"https:\/\/www.lacuisinedebabette.net\/index.php\/wp-json\/wp\/v2\/users\/1"}],"replies":[{"embeddable":true,"href":"https:\/\/www.lacuisinedebabette.net\/index.php\/wp-json\/wp\/v2\/comments?post=17"}],"version-history":[{"count":24,"href":"https:\/\/www.lacuisinedebabette.net\/index.php\/wp-json\/wp\/v2\/pages\/17\/revisions"}],"predecessor-version":[{"id":859,"href":"https:\/\/www.lacuisinedebabette.net\/index.php\/wp-json\/wp\/v2\/pages\/17\/revisions\/859"}],"wp:attachment":[{"href":"https:\/\/www.lacuisinedebabette.net\/index.php\/wp-json\/wp\/v2\/media?parent=17"}],"curies":[{"name":"wp","href":"https:\/\/api.w.org\/{rel}","templated":true}]}}

<p>Plusieurs périodes de stages sont prévues pour cette année :</p>



<p class="has-black-color has-text-color"><span class="has-inline-color has-vivid-red-color">Carnaval </span> pour les Chefs</p>



<p><span class="has-inline-color has-vivid-red-color">Printemps</span> pour les Chefs en Herbe</p>



<p class="has-vivid-red-color has-text-color">Eté <span class="has-inline-color has-black-color">pour les Chefs et les Chefs en Herbe</span></p>



<p class="has-black-color has-text-color"><span class="has-inline-color has-vivid-red-color">Automne</span>  pour les Chefs</p>



<p></p>



<p></p>

<p>Plusieurs périodes de stages sont prévues pour cette année : Carnaval pour les Chefs Printemps pour les Chefs en Herbe</p>
