{"id":454,"date":"2022-01-05T19:54:51","date_gmt":"2022-01-05T18:54:51","guid":{"rendered":"https:\/\/www.lacuisinedebabette.net\/?page_id=454"},"modified":"2025-10-28T13:17:41","modified_gmt":"2025-10-28T12:17:41","slug":"grandes-vacances","status":"publish","type":"page","link":"https:\/\/www.lacuisinedebabette.net\/index.php\/grandes-vacances\/","title":{"rendered":"Stage d&rsquo;\u00e9t\u00e9"},"content":{"rendered":"\n<p>Trois p\u00e9riodes sont propos\u00e9es<\/p>\n\n\n\n<figure class=\"wp-block-table\"><table><tbody><tr><td>Pour qui?<\/td><td>Les Chefs en Herbe  (de 6 \u00e0 10 ans)<\/td><td>Les Chefs (de 11 \u00e0 18 ans)<\/td><\/tr><tr><td>Jours et heures<\/td><td>Les 10, 11, 12 et 13 ao\u00fbt  2026<br><br>de 9h 30 \u00e0 12h 30 (accueil sur demande de 9h \u00e0 13h)<\/td><td>Les 3, 4, 5 et 6 ao\u00fbt 20265<br><br>de 9h 30 \u00e0 12h 30 (accueil sur demande de 9h \u00e0 13h)<\/td><\/tr><tr><td>Prix<\/td><td>100 \u20ac par p\u00e9riode (90\u20ac pour le 2\u00e8me enfant)<\/td><td>100 \u20ac par p\u00e9riode (90\u20ac pour le 2\u00e8me enfant)<\/td><\/tr><\/tbody><\/table><\/figure>\n\n\n\n<figure class=\"wp-block-table\"><table><tbody><tr><td>Lieu<\/td><td>\u00ab Cuisine de Babette \u00bb 41, rue Bernard Hecquet \u00e0 Stambruges<\/td><\/tr><tr><td>Inscription            <\/td><td>Renseignements et inscription au 0497\/87.14.82 ou bernadettedecocker@gmail.com.<\/td><\/tr><\/tbody><\/table><\/figure>\n\n\n\n<p><\/p>\n","protected":false},"excerpt":{"rendered":"<p>Trois p\u00e9riodes sont propos\u00e9es Pour qui? Les Chefs en Herbe (de 6 \u00e0 10 ans) Les Chefs (de 11 \u00e0<\/p>\n","protected":false},"author":1,"featured_media":0,"parent":0,"menu_order":0,"comment_status":"closed","ping_status":"closed","template":"","meta":[],"_links":{"self":[{"href":"https:\/\/www.lacuisinedebabette.net\/index.php\/wp-json\/wp\/v2\/pages\/454"}],"collection":[{"href":"https:\/\/www.lacuisinedebabette.net\/index.php\/wp-json\/wp\/v2\/pages"}],"about":[{"href":"https:\/\/www.lacuisinedebabette.net\/index.php\/wp-json\/wp\/v2\/types\/page"}],"author":[{"embeddable":true,"href":"https:\/\/www.lacuisinedebabette.net\/index.php\/wp-json\/wp\/v2\/users\/1"}],"replies":[{"embeddable":true,"href":"https:\/\/www.lacuisinedebabette.net\/index.php\/wp-json\/wp\/v2\/comments?post=454"}],"version-history":[{"count":20,"href":"https:\/\/www.lacuisinedebabette.net\/index.php\/wp-json\/wp\/v2\/pages\/454\/revisions"}],"predecessor-version":[{"id":849,"href":"https:\/\/www.lacuisinedebabette.net\/index.php\/wp-json\/wp\/v2\/pages\/454\/revisions\/849"}],"wp:attachment":[{"href":"https:\/\/www.lacuisinedebabette.net\/index.php\/wp-json\/wp\/v2\/media?parent=454"}],"curies":[{"name":"wp","href":"https:\/\/api.w.org\/{rel}","templated":true}]}}

Stage d&rsquo;été

<p>Trois périodes sont proposées</p>



<figure class="wp-block-table"><table><tbody><tr><td>Pour qui?</td><td>Les Chefs en Herbe  (de 6 à 10 ans)</td><td>Les Chefs (de 11 à 18 ans)</td></tr><tr><td>Jours et heures</td><td>Les 10, 11, 12 et 13 août  2026<br><br>de 9h 30 à 12h 30 (accueil sur demande de 9h à 13h)</td><td>Les 3, 4, 5 et 6 août 20265<br><br>de 9h 30 à 12h 30 (accueil sur demande de 9h à 13h)</td></tr><tr><td>Prix</td><td>100 € par période (90€ pour le 2ème enfant)</td><td>100 € par période (90€ pour le 2ème enfant)</td></tr></tbody></table></figure>



<figure class="wp-block-table"><table><tbody><tr><td>Lieu</td><td>« Cuisine de Babette » 41, rue Bernard Hecquet à Stambruges</td></tr><tr><td>Inscription            </td><td>Renseignements et inscription au 0497/87.14.82 ou bernadettedecocker@gmail.com.</td></tr></tbody></table></figure>



<p></p>

<p>Trois périodes sont proposées Pour qui? Les Chefs en Herbe (de 6 à 10 ans) Les Chefs (de 11 à</p>
