{"id":616,"date":"2022-11-03T15:05:43","date_gmt":"2022-11-03T14:05:43","guid":{"rendered":"https:\/\/www.lacuisinedebabette.net\/?page_id=616"},"modified":"2025-10-28T12:16:02","modified_gmt":"2025-10-28T11:16:02","slug":"stage-de-carnaval","status":"publish","type":"page","link":"https:\/\/www.lacuisinedebabette.net\/index.php\/stage-de-carnaval\/","title":{"rendered":"Stage de Carnaval"},"content":{"rendered":"\n<figure class=\"wp-block-table\"><table><tbody><tr><td>Pour qui?<\/td><td>Les Chefs de 11 \u00e0 18 ans<\/td><\/tr><tr><td>Jour et heures<\/td><td>Les 16, 17, 18 et 19 f\u00e9vrier 2026<br>de 9h 30 \u00e0 12h 30 (accueil sur demande de 9h \u00e0 13h)<\/td><\/tr><tr><td>Lieu<\/td><td>\u00ab Cuisine de Babette \u00bb 41, rue Bernard Hecquet \u00e0 Stambruges<\/td><\/tr><tr><td>Prix<\/td><td>100 \u20ac (90 \u20ac pour le 2\u00e8me enfant)<\/td><\/tr><tr><td>Inscription<\/td><td>Renseignements et inscription au 0497\/87.14.82 ou bernadettedecocker@gmail.com.<\/td><\/tr><\/tbody><\/table><\/figure>\n\n\n\n<p><\/p>\n","protected":false},"excerpt":{"rendered":"<p>Pour qui? Les Chefs de 11 \u00e0 18 ans Jour et heures Les 16, 17, 18 et 19 f\u00e9vrier 2026de<\/p>\n","protected":false},"author":1,"featured_media":0,"parent":0,"menu_order":0,"comment_status":"closed","ping_status":"closed","template":"","meta":[],"_links":{"self":[{"href":"https:\/\/www.lacuisinedebabette.net\/index.php\/wp-json\/wp\/v2\/pages\/616"}],"collection":[{"href":"https:\/\/www.lacuisinedebabette.net\/index.php\/wp-json\/wp\/v2\/pages"}],"about":[{"href":"https:\/\/www.lacuisinedebabette.net\/index.php\/wp-json\/wp\/v2\/types\/page"}],"author":[{"embeddable":true,"href":"https:\/\/www.lacuisinedebabette.net\/index.php\/wp-json\/wp\/v2\/users\/1"}],"replies":[{"embeddable":true,"href":"https:\/\/www.lacuisinedebabette.net\/index.php\/wp-json\/wp\/v2\/comments?post=616"}],"version-history":[{"count":4,"href":"https:\/\/www.lacuisinedebabette.net\/index.php\/wp-json\/wp\/v2\/pages\/616\/revisions"}],"predecessor-version":[{"id":844,"href":"https:\/\/www.lacuisinedebabette.net\/index.php\/wp-json\/wp\/v2\/pages\/616\/revisions\/844"}],"wp:attachment":[{"href":"https:\/\/www.lacuisinedebabette.net\/index.php\/wp-json\/wp\/v2\/media?parent=616"}],"curies":[{"name":"wp","href":"https:\/\/api.w.org\/{rel}","templated":true}]}}

<figure class="wp-block-table"><table><tbody><tr><td>Pour qui?</td><td>Les Chefs de 11 à 18 ans</td></tr><tr><td>Jour et heures</td><td>Les 16, 17, 18 et 19 février 2026<br>de 9h 30 à 12h 30 (accueil sur demande de 9h à 13h)</td></tr><tr><td>Lieu</td><td>« Cuisine de Babette » 41, rue Bernard Hecquet à Stambruges</td></tr><tr><td>Prix</td><td>100 € (90 € pour le 2ème enfant)</td></tr><tr><td>Inscription</td><td>Renseignements et inscription au 0497/87.14.82 ou bernadettedecocker@gmail.com.</td></tr></tbody></table></figure>



<p></p>

<p>Pour qui? Les Chefs de 11 à 18 ans Jour et heures Les 16, 17, 18 et 19 février 2026de</p>
